 in base 13?
-c
Convert -5 (base 9) to base 10.
-5
Convert -12 (base 3) to base 13.
-5
-81 (base 11) to base 14
-65
What is -2 (base 15) in base 14?
-2
5 (base 10) to base 13
5
Convert 5 (base 8) to base 16.
5
What is b0 (base 13) in base 5?
1033
Convert -1 (base 7) to base 2.
-1
What is -4 (base 9) in base 16?
-4
Convert -3 (base 16) to base 15.
-3
-149 (base 13) to base 8
-346
7b (base 16) to base 15
83
What is -20 (base 16) in base 9?
-35
Convert 0 (base 6) to base 12.
0
What is -10110010 (base 2) in base 3?
-20121
Convert 5 (base 7) to base 10.
5
What is 0 (base 10) in base 5?
0
What is 3 (base 13) in base 4?
3
Convert -111 (base 6) to base 5.
-133
What is 42 (base 6) in base 3?
222
Convert 137 (base 10) to base 7.
254
3 (base 7) to base 4
3
What is -5 (base 10) in base 15?
-5
Convert 28 (base 15) to base 11.
35
200 (base 10) to base 6
532
0 (base 13) to base 11
0
Convert 128 (base 10) to base 13.
9b
Convert -2 (base 8) to base 13.
-2
What is -5 (base 7) in base 13?
-5
What is -47 (base 8) in base 6?
-103
4 (base 10) to base 12
4
1 (base 6) to base 16
1
Convert -10 (base 2) to base 4.
-2
What is 1 (base 4) in base 10?
1
Convert 2 (base 15) to base 7.
2
Convert -4 (base 6) to base 2.
-100
What is 3 (base 5) in base 9?
3
Convert -130 (base 4) to base 3.
-1001
Convert 67 (base 8) to base 3.
2001
What is -7 (base 16) in base 9?
-7
c (base 16) to base 4
30
What is 3 (base 15) in base 9?
3
What is 2 (base 15) in base 7?
2
What is 1 (base 9) in base 2?
1
-101 (base 2) to base 10
-5
What is -10 (base 2) in base 9?
-2
-1 (base 5) to base 2
-1
What is -140 (base 6) in base 7?
-114
-10 (base 13) to base 14
-d
What is -3 (base 4) in base 14?
-3
53 (base 16) to base 14
5d
What is -16 (base 12) in base 16?
-12
Convert 305 (base 6) to base 9.
135
Convert 3 (base 7) to base 13.
3
What is 130 (base 6) in base 15?
39
-1 (base 8) to base 12
-1
What is -8 (base 10) in base 4?
-20
2 (base 8) to base 10
2
-1 (base 3) to base 14
-1
6 (base 15) to base 9
6
-34 (base 7) to base 12
-21
Convert -1233 (base 4) to base 2.
-1101111
What is -6e (base 15) in base 10?
-104
What is -2 (base 10) in base 2?
-10
0 (base 6) to base 3
0
What is -7 (base 11) in base 6?
-11
Convert 302 (base 8) to base 5.
1234
What is 12 (base 9) in base 11?
10
What is 1 (base 8) in base 3?
1
1 (base 2) to base 11
1
-5 (base 14) to base 11
-5
Convert 48 (base 11) to base 5.
202
What is 43 (base 13) in base 12?
47
What is 84 (base 16) in base 4?
2010
What is 1 (base 7) in base 14?
1
What is -90 (base 15) in base 4?
-2013
What is 1 (base 10) in base 16?
1
12 (base 14) to base 6
24
-3 (base 16) to base 8
-3
74 (base 9) to base 14
4b
1 (base 6) to base 16
1
What is -112 (base 3) in base 5?
-24
0 (base 15) to base 3
0
10 (base 5) to base 12
5
What is -201 (base 8) in base 15?
-89
What is -21 (base 5) in base 2?
-1011
-1 (base 6) to base 5
-1
Convert 4 (base 9) to base 10.
4
What is 39 (base 13) in base 15?
33
What is 66 (base 8) in base 6?
130
What is 53 (base 13) in base 8?
104
Convert 9 (base 13) to base 4.
21
What is 144 (base 5) in base 7?
100
Convert 6 (base 16) to base 13.
6
29 (base 10) to base 2
11101
Convert -80 (base 11) to base 10.
-88
Convert 6 (base 10) to base 13.
6
Convert -55 (base 14) to base 8.
-113
Convert -109 (base 13) to base 4.
-2302
Convert -1 (base 3) to base 4.
-1
What is -1032 (base 6) in base 13?
-152
23 (base 4) to base 2
1011
Convert -26 (base 7) to base 12.
-18
1111101 (base 2) to base 8
175
-3 (base 10) to base 15
-3
5 (base 11) to base 2
101
Convert 10100110 (base 2) to base 6.
434
What is -1b (base 14) in base 9?
-27
Convert 1 (base 3) to base 12.
1
-2 (base 13) to base 5
-2
What is 10 (base 8) in base 2?
1000
Convert 18 (base 10) to base 4.
102
Convert -5c (base 13) to base 14.
-57
What is 126 (base 7) in base 15?
49
Convert 1 (base 7) to base 11.
1
Convert -23 (base 6) to base 15.
-10
What is -7 (base 13) in base 5?
-12
What is -12 (base 4) in base 9?
-6
Convert -12 (base 11) to base 13.
-10
Convert 0 (base 15) to base 3.
0
Convert -21 (base 7) to base 14.
-11
Convert -11 (base 5) to base 9.
-6
-2 (base 9) to base 14
-2
3 (base 4) to base 10
3
What is -34 (base 6) in base 7?
-31
Convert 4 (base 7) to base 3.
11
Convert -1 (base 9) to base 5.
-1
Convert 5 (base 12) to base 4.
11
2 (base 11) to base 9
2
What is -33 (base 15) in base 9?
-53
12 (base 4) to base 16
6
Convert 0 (base 14) to base 16.
0
-4 (base 11) to base 12
-4
What is -5 (base 9) in base 7?
-5
Convert 34 (base 7) to base 11.
23
Convert 7 (base 10) to base 8.
7
What is -332 (base 7) in base 3?
-20022
Convert -3 (base 12) to base 6.
-3
What is -110 (base 2) in base 7?
-6
What is -1202 (base 3) in base 13?
-38
What is 1 (base 13) in base 3?
1
What is -47 (base 10) in base 14?
-35
What is -324 (base 8) in base 5?
-1322
What is -2 (base 10) in base 5?
-2
What is 225 (base 8) in base 12?
105
What is 1100 (base 3) in base 8?
44
What is -15 (base 16) in base 10?
-21
What is 102 (base 7) in base 12?
43
-bb (base 15) to base 16
-b0
Convert 0 (base 11) to base 4.
0
What is -32 (base 4) in base 5?
-24
What is -1 (base 2) in base 4?
-1
-2 (base 10) to base 4
-2
c (base 16) to base 14
c
What is 101 (base 8) in base 12?
55
16 (base 8) to base 10
14
-22122 (base 3) to base 12
-175
What is 412 (base 6) in base 12?
108
-113 (base 9) to base 8
-135
Convert 82 (base 12) to base 3.
10122
What is 10 (base 4) in base 11?
4
-11 (base 2) to base 11
-3
-1 (base 16) to base 7
-1
Convert 213 (base 4) to base 3.
1110
33 (base 7) to base 3
220
Convert 34 (base 12) to base 11.
37
-1 (base 5) to base 13
-1
20212 (base 3) to base 14
d3
3 (base 6) to base 4
3
What is -6 (base 15) in base 8?
-6
-2 (base 13) to base 14
-2
-94 (base 10) to base 7
-163
7 (base 16) to base 11
7
Convert -12212 (base 3) to base 2.
-10011110
Convert 11 (base 2) to base 3.
10
Convert 9 (base 10) to base 8.
11
Convert -3 (base 13) to base 4.
-3
What is 222 (base 3) in base 5?
101
21 (base 12) to base 14
1b
-4 (base 7) to base 2
-100
What is -3 (base 10) in base 6?
-3
110 (base 13) to base 9
222
What is -1 (base 7) in base 10?
-1
-3 (base 9) to base 8
-3
6 (base 16) to base 4
12
Convert 34 (base 6) to base 2.
10110
What is 221 (base 4) in base 5?
131
What is 4 (base 10) in base 11?
4
Convert -31 (base 8) to base 14.
-1b
What is -33 (base 9) in base 2?
-11110
Convert 6 (base 12) to base 9.
6
Convert -7 (base 8) to base 2.
-111
What is 3 (base 6) in base 7?
3
What is -15b (base 12) in base 13?
-137
What is 1011 (base 2) in base 9?
12
Convert 0 (base 2) to base 15.
0
What is 20021 (base 3) in base 12?
121
Convert -207 (base 9) to base 11.
-144
What is -3 (base 5) in base 14?
-3
What is -11110010 (base 2) in base 16?
-f2
Convert -5 (base 13) to base 14.
-5
What is -4 (base 6) in base 15?
-4
What is -56 (base 7) in base 5?
-131
Convert -2 (base 16) to base 3.
-2
Convert 2 (base 3) to base 7.
2
Convert 1a (base 16) to base 9.
28
What is 10112 (base 4) in base 13?
185
Convert -2 (base 12) to base 2.
-10
22 (base 11) to base 9
26
Convert 10 (base 4) to base 8.
4
Convert 3 (base 12) to base 13.
3
-9a (base 12) to base 3
-11101
What is 14b (base 16) in base 15?
171
What is -6 (base 8) in base 14?
-6
What is 543 (base 7) in base 2?
100010100
21 (base 5) to base 9
12
-2 (base 3) to base 8
-2
What is 4 (base 10) in base 9?
4
9 (base 14) to base 4
21
24 (base 6) to base 5
31
Convert 0 (base 5) to base 8.
0
Convert 120 (base 3) to base 4.
33
What is -2 (base 13) in base 8?
-2
-72 (base 10) to base 11
-66
Convert 142 (base 10) to base 11.
11a
-3 (base 16) to base 9
-3
1100 (base 2) to base 10
12
Convert 1 (base 10) to base 14.
1
Convert -40 (base 16) to base 15.
-44
What is -42 (base 12) in base 14?
-38
69 (base 11) to base 8
113
Convert -4 (base 10) to base 4.
-10
Convert -a5 (base 15) to base 8.
-233
Convert 110 (base 5) to base 14.
22
Convert 200 (base 4) to base 14.
24
What is 6 (base 14) in base 16?
6
Convert -50 (base 12) to base 6.
-140
Convert -6 (base 8) to base 10.
-6
Convert -380 (base 9) to base 12.
-223
What is -2 (base 11) in base 10?
-2
-159 (base 16) to base 11
-294
Convert c (base 13) to base 9.
13
What is -142 (base 7) in base 15?
-54
Convert 4 (base 11) to base 9.
4
Convert 11 (base 5) to base 10.
6
Convert -1 (base 12) to base 5.
-1
Convert -5 (base 15) to